{"id":143,"date":"2012-02-24T15:40:22","date_gmt":"2012-02-24T14:40:22","guid":{"rendered":"http:\/\/www.siea-bagnolesdelorne.fr\/?page_id=143"},"modified":"2019-04-19T13:56:36","modified_gmt":"2019-04-19T12:56:36","slug":"contact","status":"publish","type":"page","link":"https:\/\/www.regieeauetassainissement-bagnolesdelorne.com\/?page_id=143","title":{"rendered":"Contact"},"content":{"rendered":"<p><a href=\"mailto:siea.bagnoles.st.michel@wanadoo.fr\" target=\"_blank\" rel=\"noopener noreferrer\"><img loading=\"lazy\" decoding=\"async\" class=\"alignright\" style=\"border: 0pt none;\" title=\"contact\" src=\"http:\/\/www.cdcdupaysdandaine.fr\/wp-content\/uploads\/contact1-300x225.jpg\" alt=\"\" width=\"336\" height=\"252\" \/><\/a><\/p>\n<h2><a href=\"mailto:eauetassainissement@bagnolesdelorne.com\" target=\"_blank\" rel=\"noopener noreferrer\">Pour envoyer un courriel \u00e0 la\u00a0\u00a0R\u00e9gie Eau et Assainissement de Bagnoles de l&rsquo;Orne Normandie, cliquez ici &#8230;<\/a><\/h2>\n<table width=\"823\">\n<tbody>\n<tr>\n<td><strong>Commission Nationale Informatique et Libert\u00e9s<\/strong><\/td>\n<\/tr>\n<tr>\n<td><a href=\"http:\/\/www.cnil.fr\/\" target=\"_blank\" rel=\"noopener noreferrer\"><img loading=\"lazy\" decoding=\"async\" title=\"cnil\" src=\"http:\/\/www.cdcdupaysdandaine.fr\/wp-content\/uploads\/cnil.gif\" alt=\"\" width=\"100\" height=\"64\" \/><\/a>Conform\u00e9ment \u00e0 la loi Informatique et Libert\u00e9s du 6 janvier 1978, vous b\u00e9n\u00e9ficiez d&rsquo;un droit d&rsquo;acc\u00e9s et de rectification aux donn\u00e9es qui vous concernent, notamment en cas d&rsquo;erreurs que vous constateriez. Ces informations sont uniquement destin\u00e9es \u00e0 la mairie. Vous pouvez en demander la rectification par simple lettre (SIEA de Bagnoles de l&rsquo;Orne, CH\u00c2TEAU &#8211; HOTEL DE VILLE 61140 BAGNOLES DE L&rsquo;ORNE) ou par <a href=\"mailto:siea.bagnoles.st.michel@wanadoo.fr\" target=\"_blank\" rel=\"noopener noreferrer\">courrier \u00e9lectronique<\/a>.<\/td>\n<\/tr>\n<\/tbody>\n<\/table>\n<h4>ou en remplissant le formulaire suivant :<\/h4>\n\n<div class=\"wpcf7 no-js\" id=\"wpcf7-f1184-o1\" lang=\"fr-FR\" dir=\"ltr\" data-wpcf7-id=\"1184\">\n<div class=\"screen-reader-response\"><p role=\"status\" aria-live=\"polite\" aria-atomic=\"true\"><\/p> <ul><\/ul><\/div>\n<form action=\"\/index.php?rest_route=%2Fwp%2Fv2%2Fpages%2F143#wpcf7-f1184-o1\" method=\"post\" class=\"wpcf7-form init\" aria-label=\"Formulaire de contact\" novalidate=\"novalidate\" data-status=\"init\">\n<fieldset class=\"hidden-fields-container\"><input type=\"hidden\" name=\"_wpcf7\" value=\"1184\" \/><input type=\"hidden\" name=\"_wpcf7_version\" value=\"6.1.5\" \/><input type=\"hidden\" name=\"_wpcf7_locale\" value=\"fr_FR\" \/><input type=\"hidden\" name=\"_wpcf7_unit_tag\" value=\"wpcf7-f1184-o1\" \/><input type=\"hidden\" name=\"_wpcf7_container_post\" value=\"0\" \/><input type=\"hidden\" name=\"_wpcf7_posted_data_hash\" value=\"\" \/>\n<\/fieldset>\n<p><label> Votre nom (obligatoire)<br \/>\n<span class=\"wpcf7-form-control-wrap\" data-name=\"your-name\"><input size=\"40\" maxlength=\"400\" class=\"wpcf7-form-control wpcf7-text wpcf7-validates-as-required\" aria-required=\"true\" aria-invalid=\"false\" value=\"\" type=\"text\" name=\"your-name\" \/><\/span> <\/label>\n<\/p>\n<p><label> Votre adresse de messagerie (obligatoire)<br \/>\n<span class=\"wpcf7-form-control-wrap\" data-name=\"your-email\"><input size=\"40\" maxlength=\"400\" class=\"wpcf7-form-control wpcf7-email wpcf7-validates-as-required wpcf7-text wpcf7-validates-as-email\" aria-required=\"true\" aria-invalid=\"false\" value=\"\" type=\"email\" name=\"your-email\" \/><\/span> <\/label>\n<\/p>\n<p><label> Objet<br \/>\n<span class=\"wpcf7-form-control-wrap\" data-name=\"your-subject\"><input size=\"40\" maxlength=\"400\" class=\"wpcf7-form-control wpcf7-text\" aria-invalid=\"false\" value=\"\" type=\"text\" name=\"your-subject\" \/><\/span> <\/label>\n<\/p>\n<p><label> Votre message<br \/>\n<span class=\"wpcf7-form-control-wrap\" data-name=\"your-message\"><textarea cols=\"40\" rows=\"10\" maxlength=\"2000\" class=\"wpcf7-form-control wpcf7-textarea\" aria-invalid=\"false\" name=\"your-message\"><\/textarea><\/span> <\/label>\n<\/p>\n<p><label>Veuillez r\u00e9soudre ce probleme pour valider votre envoi.<\/label><br \/>\n<div class=\"dscf7-captcha-container\"><input name=\"dscf7_hidden_val1-dscf7captcha-170\" id=\"dscf7_hidden_val1-dscf7captcha-170\" type=\"hidden\" value=\"6\" \/><input name=\"dscf7_hidden_val2-dscf7captcha-170\" id=\"dscf7_hidden_val2-dscf7captcha-170\" type=\"hidden\" value=\"7\" \/><input name=\"dscf7_hidden_action-dscf7captcha-170\" id=\"dscf7_hidden_action-dscf7captcha-170\" type=\"hidden\" value=\"+\" \/><div class=\"dscf7-question-container\"><span class=\"dscf7_lt\">Combien font 7 + 6 ? <a href=\"javascript:void(0)\" id=\"dscf7captcha-170\" class=\"dscf7_refresh_captcha\" aria-label=\"Actualiser le captcha\"><img decoding=\"async\" class=\"dscf7_captcha_icon\" src=\"https:\/\/www.regieeauetassainissement-bagnolesdelorne.com\/wp-content\/plugins\/ds-cf7-math-captcha\/assets\/img\/icons8-refresh-30.png\" alt=\"Icone d actualisation\"\/><img decoding=\"async\" class=\"dscf7_captcha_reload_icon\" src=\"https:\/\/www.regieeauetassainissement-bagnolesdelorne.com\/wp-content\/plugins\/ds-cf7-math-captcha\/assets\/img\/446bcd468478f5bfb7b4e5c804571392_w200.gif\" alt=\"Actualisation du captcha\" style=\"display:none; width:30px\" \/><\/a><\/span><\/div><div class=\"dscf7-answer-container\"><label for=\"dscf7captcha-170-input\" class=\"screen-reader-text\">Reponse pour 7 + 6<\/label><span class=\"wpcf7-form-control-wrap\" data-name=\"dscf7captcha-170\"><input type=\"text\" id=\"dscf7captcha-170-input\" aria-label=\"Reponse pour 7 + 6\" class=\"wpcf7-form-control wpcf7-text\" size=\"5\" value=\"\" name=\"dscf7captcha-170\" placeholder=\"Saisissez votre reponse\" style=\"\" oninput=\"this.value = this.value.replace(\/[^0-9.]\/g, '').replace(\/(\\..*)\\.\/g, '$1');\"><\/span><input type=\"hidden\" name=\"ds_cf7_nonce\" value=\"0af7326bb3\"><\/div><\/div>\n<\/p>\n<p><input class=\"wpcf7-form-control wpcf7-submit has-spinner\" type=\"submit\" value=\"Envoyer\" \/>\n<\/p><div class=\"wpcf7-response-output\" aria-hidden=\"true\"><\/div>\n<\/form>\n<\/div>\n\n","protected":false},"excerpt":{"rendered":"<p>Pour envoyer un courriel \u00e0 la\u00a0\u00a0R\u00e9gie Eau et Assainissement de Bagnoles de l&rsquo;Orne Normandie, cliquez ici &#8230; Commission Nationale Informatique et Libert\u00e9s Conform\u00e9ment \u00e0 la loi Informatique et Libert\u00e9s du 6 janvier 1978, vous b\u00e9n\u00e9ficiez d&rsquo;un droit d&rsquo;acc\u00e9s et de rectification aux donn\u00e9es qui vous concernent, notamment en cas d&rsquo;erreurs que vous constateriez. Ces informations &hellip; <\/p>\n<p><a class=\"more-link btn\" href=\"https:\/\/www.regieeauetassainissement-bagnolesdelorne.com\/?page_id=143\">Lire la suite<\/a><\/p>\n","protected":false},"author":2,"featured_media":0,"parent":0,"menu_order":50,"comment_status":"closed","ping_status":"closed","template":"template-onecolumn.php","meta":{"footnotes":""},"class_list":["post-143","page","type-page","status-publish","hentry","nodate","item-wrap"],"_links":{"self":[{"href":"https:\/\/www.regieeauetassainissement-bagnolesdelorne.com\/index.php?rest_route=\/wp\/v2\/pages\/143","targetHints":{"allow":["GET"]}}],"collection":[{"href":"https:\/\/www.regieeauetassainissement-bagnolesdelorne.com\/index.php?rest_route=\/wp\/v2\/pages"}],"about":[{"href":"https:\/\/www.regieeauetassainissement-bagnolesdelorne.com\/index.php?rest_route=\/wp\/v2\/types\/page"}],"author":[{"embeddable":true,"href":"https:\/\/www.regieeauetassainissement-bagnolesdelorne.com\/index.php?rest_route=\/wp\/v2\/users\/2"}],"replies":[{"embeddable":true,"href":"https:\/\/www.regieeauetassainissement-bagnolesdelorne.com\/index.php?rest_route=%2Fwp%2Fv2%2Fcomments&post=143"}],"version-history":[{"count":10,"href":"https:\/\/www.regieeauetassainissement-bagnolesdelorne.com\/index.php?rest_route=\/wp\/v2\/pages\/143\/revisions"}],"predecessor-version":[{"id":1650,"href":"https:\/\/www.regieeauetassainissement-bagnolesdelorne.com\/index.php?rest_route=\/wp\/v2\/pages\/143\/revisions\/1650"}],"wp:attachment":[{"href":"https:\/\/www.regieeauetassainissement-bagnolesdelorne.com\/index.php?rest_route=%2Fwp%2Fv2%2Fmedia&parent=143"}],"curies":[{"name":"wp","href":"https:\/\/api.w.org\/{rel}","templated":true}]}}