{"id":133,"date":"2012-02-24T15:25:34","date_gmt":"2012-02-24T14:25:34","guid":{"rendered":"http:\/\/www.siea-bagnolesdelorne.fr\/?page_id=133"},"modified":"2025-06-03T15:59:26","modified_gmt":"2025-06-03T14:59:26","slug":"informations-abonnes","status":"publish","type":"page","link":"https:\/\/www.regieeauetassainissement-bagnolesdelorne.com\/?page_id=133","title":{"rendered":"Informations abonn\u00e9s"},"content":{"rendered":"<p><span style=\"color: #ff0000;\">Pour toute demande concernant le r\u00e8glement des factures ou demande d&rsquo;\u00e9talement de paiement, contacter le Service de Gestion Comptable de Flers.<\/span><\/p>\n<p>Service de Gestion Comptable de Flers<br \/>\n67 rue de la G\u00e9roudi\u00e8re<br \/>\nCS 50209<br \/>\n61104 FLERS<br \/>\nT\u00e9l: 02 33 62 14 50<\/p>\n<p>Horaires d&rsquo;ouverture au public:<br \/>\n8h45-12h et de 13h30-16h<br \/>\nFerm\u00e9 le mercredi et vendredi apr\u00e8s-midi<br \/>\nSur RV les lundis AM, les mardis AM et les jeudis AM<\/p>\n<h4><\/h4>\n<p>&nbsp;<\/p>\n","protected":false},"excerpt":{"rendered":"<p>Pour toute demande concernant le r\u00e8glement des factures ou demande d&rsquo;\u00e9talement de paiement, contacter le Service de Gestion Comptable de Flers. Service de Gestion Comptable de Flers 67 rue de la G\u00e9roudi\u00e8re CS 50209 61104 FLERS T\u00e9l: 02 33 62 14 50 Horaires d&rsquo;ouverture au public: 8h45-12h et de 13h30-16h Ferm\u00e9 le mercredi et vendredi &hellip; <\/p>\n<p><a class=\"more-link btn\" href=\"https:\/\/www.regieeauetassainissement-bagnolesdelorne.com\/?page_id=133\">Lire la suite<\/a><\/p>\n","protected":false},"author":2,"featured_media":0,"parent":0,"menu_order":40,"comment_status":"closed","ping_status":"closed","template":"template-onecolumn.php","meta":{"footnotes":""},"class_list":["post-133","page","type-page","status-publish","hentry","nodate","item-wrap"],"_links":{"self":[{"href":"https:\/\/www.regieeauetassainissement-bagnolesdelorne.com\/index.php?rest_route=\/wp\/v2\/pages\/133","targetHints":{"allow":["GET"]}}],"collection":[{"href":"https:\/\/www.regieeauetassainissement-bagnolesdelorne.com\/index.php?rest_route=\/wp\/v2\/pages"}],"about":[{"href":"https:\/\/www.regieeauetassainissement-bagnolesdelorne.com\/index.php?rest_route=\/wp\/v2\/types\/page"}],"author":[{"embeddable":true,"href":"https:\/\/www.regieeauetassainissement-bagnolesdelorne.com\/index.php?rest_route=\/wp\/v2\/users\/2"}],"replies":[{"embeddable":true,"href":"https:\/\/www.regieeauetassainissement-bagnolesdelorne.com\/index.php?rest_route=%2Fwp%2Fv2%2Fcomments&post=133"}],"version-history":[{"count":28,"href":"https:\/\/www.regieeauetassainissement-bagnolesdelorne.com\/index.php?rest_route=\/wp\/v2\/pages\/133\/revisions"}],"predecessor-version":[{"id":2086,"href":"https:\/\/www.regieeauetassainissement-bagnolesdelorne.com\/index.php?rest_route=\/wp\/v2\/pages\/133\/revisions\/2086"}],"wp:attachment":[{"href":"https:\/\/www.regieeauetassainissement-bagnolesdelorne.com\/index.php?rest_route=%2Fwp%2Fv2%2Fmedia&parent=133"}],"curies":[{"name":"wp","href":"https:\/\/api.w.org\/{rel}","templated":true}]}}